{"id":3,"date":"2021-01-29T09:47:24","date_gmt":"2021-01-29T08:47:24","guid":{"rendered":"https:\/\/cefii-developpements.fr\/florian1066\/gtcarrosserie\/?page_id=3"},"modified":"2021-01-29T11:07:40","modified_gmt":"2021-01-29T10:07:40","slug":"politique-de-confidentialite","status":"publish","type":"page","link":"https:\/\/exemple.nasply.com\/carrossier\/politique-de-confidentialite\/","title":{"rendered":"Politique de confidentialit\u00e9"},"content":{"rendered":"\n<h2 class=\"wp-block-heading\">Qui sommes-nous&nbsp;?<\/h2>\n\n\n\n<p>L\u2019adresse de notre site est\u00a0: https:\/\/gtcarrosserie.com<\/p>\n\n\n\n<p>Nous sommes l&rsquo;entreprise GT Carrosserie g\u00e9r\u00e9 par Tony GANACHE (SIRET : 878 279 744 00014), situ\u00e9e au 6, rue de la Gibaudi\u00e8re 49124 Saint-Barth\u00e9lemy-d&rsquo;Anjou.<\/p>\n\n\n\n<p>Nous vous communiquerons quel membre de l&rsquo;entreprise est le contr\u00f4leur de vos donn\u00e9es personnelles en temps utile. Sauf communication expresse contraire, l&rsquo;entreprise GT Carrosserie est le contr\u00f4leur de vos donn\u00e9es.<\/p>\n\n\n\n<p>Cette politique de protection des donn\u00e9es est publi\u00e9e par l&rsquo;entreprise GT Carrosserie\u00a0<strong>et ne s&rsquo;applique que dans le cas o\u00f9 de tels membres agissent en qualit\u00e9 de contr\u00f4leur de vos donn\u00e9es personnelles<\/strong>.<\/p>\n\n\n\n<p>Il sera d\u00e9sormais r\u00e9f\u00e9r\u00e9 au contr\u00f4leur des donn\u00e9es applicable par \u00ab\u00a0<strong>nous<\/strong>\u00a0\u00bb, \u00ab\u00a0<strong>notre<\/strong>\u00a0\u00bb, \u00ab\u00a0<strong>nos<\/strong>\u00a0\u00bb dans la pr\u00e9sente politique de protection des donn\u00e9es.<\/p>\n\n\n\n<h2 class=\"wp-block-heading\">Utilisation des donn\u00e9es personnelles collect\u00e9es<\/h2>\n\n\n\n<h3 class=\"wp-block-heading\">Commentaires<\/h3>\n\n\n\n<p>Quand vous laissez un commentaire sur notre site, les donn\u00e9es inscrites dans le formulaire de commentaire, mais aussi votre adresse IP et l\u2019agent utilisateur de votre navigateur sont collect\u00e9s pour nous aider \u00e0 la d\u00e9tection des commentaires ind\u00e9sirables.<\/p>\n\n\n\n<p>Une cha\u00eene anonymis\u00e9e cr\u00e9\u00e9e \u00e0 partir de votre adresse e-mail (\u00e9galement appel\u00e9e hash) peut \u00eatre envoy\u00e9e au service Gravatar pour v\u00e9rifier si vous utilisez ce dernier. Les clauses de confidentialit\u00e9 du service Gravatar sont disponibles ici&nbsp;: https:\/\/automattic.com\/privacy\/. Apr\u00e8s validation de votre commentaire, votre photo de profil sera visible publiquement \u00e0 cot\u00e9 de votre commentaire.<\/p>\n\n\n\n<h3 class=\"wp-block-heading\">M\u00e9dias<\/h3>\n\n\n\n<p>Si vous t\u00e9l\u00e9versez des images sur le site, nous vous conseillons d\u2019\u00e9viter de t\u00e9l\u00e9verser des images contenant des donn\u00e9es EXIF de coordonn\u00e9es GPS. Les personnes visitant votre site peuvent t\u00e9l\u00e9charger et extraire des donn\u00e9es de localisation depuis ces images.<\/p>\n\n\n\n<h3 class=\"wp-block-heading\">Formulaires de contact<\/h3>\n\n\n\n<h3 class=\"wp-block-heading\">Cookies<\/h3>\n\n\n\n<p>Si vous d\u00e9posez un commentaire sur notre site, il vous sera propos\u00e9 d\u2019enregistrer votre nom, adresse e-mail et site dans des cookies. C\u2019est uniquement pour votre confort afin de ne pas avoir \u00e0 saisir ces informations si vous d\u00e9posez un autre commentaire plus tard. Ces cookies expirent au bout d\u2019un an.<\/p>\n\n\n\n<p>Si vous vous rendez sur la page de connexion, un cookie temporaire sera cr\u00e9\u00e9 afin de d\u00e9terminer si votre navigateur accepte les cookies. Il ne contient pas de donn\u00e9es personnelles et sera supprim\u00e9 automatiquement \u00e0 la fermeture de votre navigateur.<\/p>\n\n\n\n<p>Lorsque vous vous connecterez, nous mettrons en place un certain nombre de cookies pour enregistrer vos informations de connexion et vos pr\u00e9f\u00e9rences d\u2019\u00e9cran. La dur\u00e9e de vie d\u2019un cookie de connexion est de deux jours, celle d\u2019un cookie d\u2019option d\u2019\u00e9cran est d\u2019un an. Si vous cochez \u00ab&nbsp;Se souvenir de moi&nbsp;\u00bb, votre cookie de connexion sera conserv\u00e9 pendant deux semaines. Si vous vous d\u00e9connectez de votre compte, le cookie de connexion sera effac\u00e9.<\/p>\n\n\n\n<p>En modifiant ou en publiant une publication, un cookie suppl\u00e9mentaire sera enregistr\u00e9 dans votre navigateur. Ce cookie ne comprend aucune donn\u00e9e personnelle. Il indique simplement l\u2019ID de la publication que vous venez de modifier. Il expire au bout d\u2019un jour.<\/p>\n\n\n\n<h3 class=\"wp-block-heading\">Contenu embarqu\u00e9 depuis d\u2019autres sites<\/h3>\n\n\n\n<p>Les articles de ce site peuvent inclure des contenus int\u00e9gr\u00e9s (par exemple des vid\u00e9os, images, articles\u2026). Le contenu int\u00e9gr\u00e9 depuis d\u2019autres sites se comporte de la m\u00eame mani\u00e8re que si le visiteur se rendait sur cet autre site.<\/p>\n\n\n\n<p>Ces sites web pourraient collecter des donn\u00e9es sur vous, utiliser des cookies, embarquer des outils de suivis tiers, suivre vos interactions avec ces contenus embarqu\u00e9s si vous disposez d\u2019un compte connect\u00e9 sur leur site web.<\/p>\n\n\n\n<h3 class=\"wp-block-heading\">Statistiques et mesures d\u2019audience<\/h3>\n\n\n\n<p>Ce\u00a0 site utilise Google Analytics pour analyser l\u2019audience du site et am\u00e9liorer\u00a0 son contenu. Pour plus d\u2019information sur les r\u00e8gles de confidentialit\u00e9 relatives\u00a0 \u00e0 l\u2019utilisation de Google Analytics, cliquez ici :\u00a0<a href=\"https:\/\/support.google.com\/analytics\/answer\/6004245?hl=fr\">https:\/\/suppo<\/a><a href=\"https:\/\/support.google.com\/analytics\/answer\/6004245?hl=fr\" target=\"_blank\" rel=\"noreferrer noopener\">rt.google.com\/analytics\/answer\/6004245?hl=fr<\/a><\/p>\n\n\n\n<p>Les internautes peuvent t\u00e9l\u00e9charger un module pour d\u00e9sactiver Google analytics:\u00a0<a href=\"https:\/\/tools.google.com\/dlpage\/gaoptout\/\" target=\"_blank\" rel=\"noreferrer noopener\">https:\/\/tools.google.com\/dlpage\/gaoptout\/<\/a><\/p>\n\n\n\n<h2 class=\"wp-block-heading\">Dur\u00e9es de stockage de vos donn\u00e9es<\/h2>\n\n\n\n<p>Si vous laissez un commentaire, le commentaire et ses m\u00e9tadonn\u00e9es sont conserv\u00e9s ind\u00e9finiment. Cela permet de reconna\u00eetre et approuver automatiquement les commentaires suivants au lieu de les laisser dans la file de mod\u00e9ration.<\/p>\n\n\n\n<p>Pour les comptes qui s\u2019inscrivent sur notre site (le cas \u00e9ch\u00e9ant), nous stockons \u00e9galement les donn\u00e9es personnelles indiqu\u00e9es dans leur profil. Tous les comptes peuvent voir, modifier ou supprimer leurs informations personnelles \u00e0 tout moment (\u00e0 l\u2019exception de leur identifiant). Les gestionnaires du site peuvent aussi voir et modifier ces informations.<\/p>\n\n\n\n<h2 class=\"wp-block-heading\">Les droits que vous avez sur vos donn\u00e9es<\/h2>\n\n\n\n<p>Si vous avez un compte ou si vous avez laiss\u00e9 des commentaires sur le site, vous pouvez demander \u00e0 recevoir un fichier contenant toutes les donn\u00e9es personnelles que nous poss\u00e9dons \u00e0 votre sujet, incluant celles que vous nous avez fournies. Vous pouvez \u00e9galement demander la suppression des donn\u00e9es personnelles vous concernant. Cela ne prend pas en compte les donn\u00e9es stock\u00e9es \u00e0 des fins administratives, l\u00e9gales ou pour des raisons de s\u00e9curit\u00e9.<\/p>\n\n\n\n<h2 class=\"wp-block-heading\">Transmission de vos donn\u00e9es personnelles<\/h2>\n\n\n\n<p>Les commentaires des visiteurs peuvent \u00eatre v\u00e9rifi\u00e9s \u00e0 l\u2019aide d\u2019un service automatis\u00e9 de d\u00e9tection des commentaires ind\u00e9sirables.<\/p>\n\n\n\n<h2 class=\"wp-block-heading\">Informations de contact<\/h2>\n\n\n\n<p><strong>Webmaster<\/strong><\/p>\n\n\n\n<p>Florian CHEVALIER \/ <a rel=\"noreferrer noopener\" href=\"https:\/\/floriancvl.fr\" target=\"_blank\">https:\/\/floriancvl.fr<\/a><\/p>\n\n\n\n<p>T\u00e9l\u00e9phone : +33 6 18 79 53 12<\/p>\n\n\n\n<p>Email : <a href=\"mailto:contact@floriancvl.fr\" target=\"_blank\" rel=\"noreferrer noopener\">contact@floriancvl.fr<\/a><\/p>\n\n\n\n<p><strong>G\u00e9rant de l&rsquo;entreprise GT Carrosserie<\/strong><\/p>\n\n\n\n<p>Tony GANACHE<\/p>\n\n\n\n<p>T\u00e9l\u00e9phone : +33 6 74 31 40 70<\/p>\n\n\n\n<p>Email : <a href=\"mailto:contact@gtcarrosserie.com\" target=\"_blank\" rel=\"noreferrer noopener\">contact@gtcarrosserie.com<\/a><\/p>\n","protected":false},"excerpt":{"rendered":"<p>Qui sommes-nous&nbsp;? L\u2019adresse de notre site est\u00a0: https:\/\/gtcarrosserie.com Nous sommes l&rsquo;entreprise GT Carrosserie g\u00e9r\u00e9 par Tony GANACHE (SIRET : 878 279 744 00014), situ\u00e9e au 6, rue de la Gibaudi\u00e8re 49124 Saint-Barth\u00e9lemy-d&rsquo;Anjou. Nous vous communiquerons quel membre de l&rsquo;entreprise est le contr\u00f4leur de vos donn\u00e9es personnelles en temps utile. Sauf communication expresse contraire, l&rsquo;entreprise GT&hellip;&nbsp;<a href=\"https:\/\/exemple.nasply.com\/carrossier\/politique-de-confidentialite\/\" class=\"\" rel=\"bookmark\">Lire la suite &raquo;<span class=\"screen-reader-text\">Politique de confidentialit\u00e9<\/span><\/a><\/p>\n","protected":false},"author":1,"featured_media":0,"parent":0,"menu_order":0,"comment_status":"closed","ping_status":"open","template":"","meta":{"_monsterinsights_skip_tracking":false,"_monsterinsights_sitenote_active":false,"_monsterinsights_sitenote_note":"","_monsterinsights_sitenote_category":0,"neve_meta_sidebar":"","neve_meta_container":"","neve_meta_enable_content_width":"","neve_meta_content_width":0,"neve_meta_title_alignment":"","neve_meta_author_avatar":"","neve_post_elements_order":"","neve_meta_disable_header":"","neve_meta_disable_footer":"","neve_meta_disable_title":"","pgc_sgb_lightbox_settings":"","footnotes":""},"class_list":["post-3","page","type-page","status-publish","hentry"],"_links":{"self":[{"href":"https:\/\/exemple.nasply.com\/carrossier\/wp-json\/wp\/v2\/pages\/3","targetHints":{"allow":["GET"]}}],"collection":[{"href":"https:\/\/exemple.nasply.com\/carrossier\/wp-json\/wp\/v2\/pages"}],"about":[{"href":"https:\/\/exemple.nasply.com\/carrossier\/wp-json\/wp\/v2\/types\/page"}],"author":[{"embeddable":true,"href":"https:\/\/exemple.nasply.com\/carrossier\/wp-json\/wp\/v2\/users\/1"}],"replies":[{"embeddable":true,"href":"https:\/\/exemple.nasply.com\/carrossier\/wp-json\/wp\/v2\/comments?post=3"}],"version-history":[{"count":4,"href":"https:\/\/exemple.nasply.com\/carrossier\/wp-json\/wp\/v2\/pages\/3\/revisions"}],"predecessor-version":[{"id":258,"href":"https:\/\/exemple.nasply.com\/carrossier\/wp-json\/wp\/v2\/pages\/3\/revisions\/258"}],"wp:attachment":[{"href":"https:\/\/exemple.nasply.com\/carrossier\/wp-json\/wp\/v2\/media?parent=3"}],"curies":[{"name":"wp","href":"https:\/\/api.w.org\/{rel}","templated":true}]}}